{"id":657,"date":"2025-03-28T00:43:29","date_gmt":"2025-03-27T23:43:29","guid":{"rendered":"https:\/\/www.sophiescheufele.be\/bdv\/?page_id=657"},"modified":"2025-04-03T09:48:22","modified_gmt":"2025-04-03T07:48:22","slug":"indications-accompagnement","status":"publish","type":"page","link":"https:\/\/www.sophiescheufele.be\/bdv\/indications-accompagnement\/","title":{"rendered":"Indications &amp; Accompagnement"},"content":{"rendered":"\n<p>La <strong>r\u00e9flexologie<\/strong> est indiqu\u00e9e dans de nombreuses situations et a peu de contre-indications.<\/p>\n\n\n\n<h3 class=\"wp-block-heading\">En g\u00e9n\u00e9ral<\/h3>\n\n\n\n<div class=\"wp-block-columns are-vertically-aligned-center has-nv-light-bg-background-color has-background is-layout-flex wp-container-core-columns-is-layout-ac6b6ae2 wp-block-columns-is-layout-flex\" style=\"border-style:none;border-width:0px;border-radius:15px;padding-top:0;padding-right:0px;padding-bottom:0;padding-left:0px\">\n<div class=\"wp-block-column is-vertically-aligned-center is-layout-flow wp-block-column-is-layout-flow\">\n<div class=\"wp-block-columns is-layout-flex wp-container-core-columns-is-layout-c4a4fa71 wp-block-columns-is-layout-flex\" style=\"padding-top:10px;padding-right:10px;padding-bottom:10px;padding-left:10px\">\n<div class=\"wp-block-column is-vertically-aligned-center is-layout-flow wp-block-column-is-layout-flow\" style=\"padding-right:0px;padding-left:10px;flex-basis:65%\">\n<ul class=\"wp-block-list\">\n<li>pause pour l\u00e2cher les tensions<\/li>\n\n\n\n<li>stress, anxi\u00e9t\u00e9, d\u00e9pression, burn-out<\/li>\n\n\n\n<li>traumatismes moraux, psychiques et physiques (<em>invite du corps \u00e0 un v\u00e9cu plus agr\u00e9able<\/em>)<\/li>\n\n\n\n<li>troubles digestifs, circulatoires, urinaires, du sommeil<\/li>\n\n\n\n<li>migraines, acouph\u00e8nes, jambes lourdes<\/li>\n\n\n\n<li>fatigue chronique, douleurs musculaires<\/li>\n\n\n\n<li>convalescence (<em>acc\u00e9l\u00e9ration de la gu\u00e9rison<\/em>)<\/li>\n\n\n\n<li>renforcement de l\u2019immunit\u00e9<\/li>\n\n\n\n<li>troubles de la concentration et de l&rsquo;attention, nervosit\u00e9 et anxi\u00e9t\u00e9 chez l&rsquo;enfant et l&rsquo;adolescent<\/li>\n\n\n\n<li>d\u00e9pression de l&rsquo;adolescent<\/li>\n<\/ul>\n\n\n\n<p><\/p>\n<\/div>\n\n\n\n<div class=\"wp-block-column is-vertically-aligned-center is-layout-flow wp-block-column-is-layout-flow\" style=\"padding-left:10px;flex-basis:35%\" data-aos=\"slide-left\">\n<figure class=\"wp-block-image size-full has-custom-border\" data-aos=\"slide-left\" data-aos-duration=\"1000\"><img loading=\"lazy\" decoding=\"async\" width=\"1024\" height=\"683\" src=\"https:\/\/www.sophiescheufele.be\/bdv\/wp-content\/uploads\/2025\/03\/Photo-174_1024.jpg\" alt=\"\" class=\"wp-image-704\" style=\"border-radius:10px\" srcset=\"https:\/\/www.sophiescheufele.be\/bdv\/wp-content\/uploads\/2025\/03\/Photo-174_1024.jpg 1024w, https:\/\/www.sophiescheufele.be\/bdv\/wp-content\/uploads\/2025\/03\/Photo-174_1024-300x200.jpg 300w, https:\/\/www.sophiescheufele.be\/bdv\/wp-content\/uploads\/2025\/03\/Photo-174_1024-768x512.jpg 768w, https:\/\/www.sophiescheufele.be\/bdv\/wp-content\/uploads\/2025\/03\/Photo-174_1024-930x620.jpg 930w, https:\/\/www.sophiescheufele.be\/bdv\/wp-content\/uploads\/2025\/03\/Photo-174_1024-24x16.jpg 24w, https:\/\/www.sophiescheufele.be\/bdv\/wp-content\/uploads\/2025\/03\/Photo-174_1024-36x24.jpg 36w, https:\/\/www.sophiescheufele.be\/bdv\/wp-content\/uploads\/2025\/03\/Photo-174_1024-48x32.jpg 48w\" sizes=\"auto, (max-width: 1024px) 100vw, 1024px\" \/><\/figure>\n<\/div>\n<\/div>\n\n\n\n<p><\/p>\n<\/div>\n<\/div>\n\n\n\n<div style=\"height:25px\" aria-hidden=\"true\" class=\"wp-block-spacer\"><\/div>\n\n\n\n<h4 class=\"wp-block-heading\">Contre-indications<\/h4>\n\n\n\n<p>La r\u00e9flexologie est contre-indiqu\u00e9e dans les cas suivants : infection cutan\u00e9e contagieuse, fi\u00e8vre, grossesse au 1<sup>er<\/sup> trimestre, probl\u00e8mes aux pieds (ulc\u00e8re, \u2026), maladies circulatoires et cardiaques, avoir \u00e9t\u00e9 vaccin\u00e9(e) pour le COVID il y a moins de 6 mois.<\/p>\n\n\n\n<div style=\"height:25px\" aria-hidden=\"true\" class=\"wp-block-spacer\"><\/div>\n\n\n\n<h3 class=\"wp-block-heading\">Soutien en cas de burn-out<\/h3>\n\n\n\n<div class=\"wp-block-columns are-vertically-aligned-center has-nv-c-1-background-color has-background is-layout-flex wp-container-core-columns-is-layout-ac6b6ae2 wp-block-columns-is-layout-flex\" style=\"border-style:none;border-width:0px;border-radius:15px;padding-top:0;padding-right:0px;padding-bottom:0;padding-left:0px\">\n<div class=\"wp-block-column is-vertically-aligned-center is-layout-flow wp-block-column-is-layout-flow\">\n<div class=\"wp-block-columns is-layout-flex wp-container-core-columns-is-layout-c4a4fa71 wp-block-columns-is-layout-flex\" style=\"padding-top:10px;padding-right:10px;padding-bottom:10px;padding-left:10px\">\n<div class=\"wp-block-column is-vertically-aligned-center is-layout-flow wp-block-column-is-layout-flow\" style=\"padding-top:0px;padding-right:0px;padding-bottom:0px;padding-left:0px;flex-basis:35%\">\n<figure class=\"wp-block-image size-full has-custom-border\" data-aos=\"slide-right\" data-aos-duration=\"1000\"><img loading=\"lazy\" decoding=\"async\" width=\"1280\" height=\"960\" src=\"https:\/\/www.sophiescheufele.be\/bdv\/wp-content\/uploads\/2025\/04\/web-4642668_1280.jpg\" alt=\"\" class=\"wp-image-859\" style=\"border-radius:10px\" srcset=\"https:\/\/www.sophiescheufele.be\/bdv\/wp-content\/uploads\/2025\/04\/web-4642668_1280.jpg 1280w, https:\/\/www.sophiescheufele.be\/bdv\/wp-content\/uploads\/2025\/04\/web-4642668_1280-300x225.jpg 300w, https:\/\/www.sophiescheufele.be\/bdv\/wp-content\/uploads\/2025\/04\/web-4642668_1280-1024x768.jpg 1024w, https:\/\/www.sophiescheufele.be\/bdv\/wp-content\/uploads\/2025\/04\/web-4642668_1280-768x576.jpg 768w, https:\/\/www.sophiescheufele.be\/bdv\/wp-content\/uploads\/2025\/04\/web-4642668_1280-24x18.jpg 24w, https:\/\/www.sophiescheufele.be\/bdv\/wp-content\/uploads\/2025\/04\/web-4642668_1280-36x27.jpg 36w, https:\/\/www.sophiescheufele.be\/bdv\/wp-content\/uploads\/2025\/04\/web-4642668_1280-48x36.jpg 48w\" sizes=\"auto, (max-width: 1280px) 100vw, 1280px\" \/><\/figure>\n<\/div>\n\n\n\n<div class=\"wp-block-column is-vertically-aligned-center is-layout-flow wp-block-column-is-layout-flow\" style=\"padding-right:0px;padding-left:10px;flex-basis:65%\">\n<p>Dans le cadre d&rsquo;un <strong>burn-out<\/strong>, la r\u00e9flexologie va permettre de prendre un <strong>temps pour soi<\/strong>, un moment de recul par rapport \u00e0 sa situation et <strong>une \u00e9coute de tout ce qui se passe dans le corps<\/strong>.<\/p>\n\n\n\n<p>Elle va aussi aider l&rsquo;organisme \u00e0 <strong>restaurer son \u00e9quilibre<\/strong>, \u00e0 \u00e9liminer les toxines, \u00e0 agir sur la fatique install\u00e9e, les insommies r\u00e9p\u00e9t\u00e9es, le stress, la nervosit\u00e9, les troubles r\u00e9currents de la digestion ou de l&rsquo;app\u00e9tit ainsi que les blocages musculaires et articulaires.<\/p>\n\n\n\n<p>Elle a un <strong>profond effet de relaxation<\/strong> et peut favoriser des prises de conscience pouvant mener \u00e0 des changements de vie parfois n\u00e9cessaires.<\/p>\n<\/div>\n<\/div>\n\n\n\n<p><\/p>\n<\/div>\n<\/div>\n\n\n\n<div style=\"height:25px\" aria-hidden=\"true\" class=\"wp-block-spacer\"><\/div>\n\n\n\n<h3 class=\"wp-block-heading\"> Accompagnement en soins palliatifs<\/h3>\n\n\n\n<div class=\"wp-block-columns are-vertically-aligned-center has-nv-c-2-background-color has-background is-layout-flex wp-container-core-columns-is-layout-ac6b6ae2 wp-block-columns-is-layout-flex\" style=\"border-style:none;border-width:0px;border-radius:15px;padding-top:0;padding-right:0px;padding-bottom:0;padding-left:0px\">\n<div class=\"wp-block-column is-vertically-aligned-center is-layout-flow wp-block-column-is-layout-flow\">\n<div class=\"wp-block-columns is-layout-flex wp-container-core-columns-is-layout-c4a4fa71 wp-block-columns-is-layout-flex\" style=\"padding-top:10px;padding-right:10px;padding-bottom:10px;padding-left:10px\">\n<div class=\"wp-block-column is-vertically-aligned-center is-layout-flow wp-block-column-is-layout-flow\" style=\"padding-right:0px;padding-left:10px;flex-basis:65%\">\n<p>En <strong>soins palliatifs<\/strong>, la maladie peut conduire une personne \u00e0 vivre de la douleur, de la faiblesse, de l&rsquo;anxi\u00e9t\u00e9 et du stress \u00e9motionnel et spirituel.<\/p>\n\n\n\n<p>S&rsquo;orienter vers des soins compl\u00e9mentaires de <strong>confort<\/strong> en r\u00e9flexologie peut \u00eatre une mani\u00e8re de soutenir le traitement conventionnel, d&rsquo;apaiser et d&rsquo;accompagner la personne dans son v\u00e9cu.<\/p>\n\n\n\n<p>Une s\u00e9ance est un beau moment o\u00f9 l&rsquo;on peut se <strong>d\u00e9tendre<\/strong>, se l\u00e2cher, \u00eatre touch\u00e9 sur plusieurs plans.<\/p>\n\n\n\n<p>Sur le plan physique, la r\u00e9flexologie, par la lib\u00e9ration d&rsquo;endorphines, peut soulager pour un temps les douleurs, donner un r\u00e9pit et r\u00e9duire temporairement les besoins d&rsquo;analg\u00e9siques.<\/p>\n\n\n\n<p><strong>Sur le plan psychologique, ce sera un moment pour se sentir \u00e9cout\u00e9, apais\u00e9, envelopp\u00e9 et r\u00e9confort\u00e9.<\/strong><\/p>\n\n\n\n<p>L&rsquo;\u00e9tat de bien-\u00eatre et de relaxation ressenti peut amener \u00e0 rel\u00e2cher ses tensions, \u00e0 abaisser ses d\u00e9fenses et \u00e0 <strong>parler de ses angoisses vis \u00e0 vis de sa situation, de ses incertitudes face \u00e0 l&rsquo;avenir, de sentiments de frayeur, de grande anxi\u00e9t\u00e9\u2026<\/strong><\/p>\n\n\n\n<p>Enfin, sur le plan&nbsp;<strong>spirituel<\/strong>, ce peut \u00eatre l&rsquo;occasion de se confronter \u00e0 sa propre mort et d&rsquo;explorer sa spiritualit\u00e9.<\/p>\n<\/div>\n\n\n\n<div class=\"wp-block-column is-vertically-aligned-center is-layout-flow wp-block-column-is-layout-flow\" style=\"padding-left:10px;flex-basis:35%\" data-aos=\"slide-left\">\n<figure class=\"wp-block-image size-full has-custom-border\" data-aos=\"slide-left\" data-aos-duration=\"1000\"><img loading=\"lazy\" decoding=\"async\" width=\"1280\" height=\"853\" src=\"https:\/\/www.sophiescheufele.be\/bdv\/wp-content\/uploads\/2025\/04\/concern-928653_1280.jpg\" alt=\"\" class=\"wp-image-863\" style=\"border-radius:10px\" srcset=\"https:\/\/www.sophiescheufele.be\/bdv\/wp-content\/uploads\/2025\/04\/concern-928653_1280.jpg 1280w, https:\/\/www.sophiescheufele.be\/bdv\/wp-content\/uploads\/2025\/04\/concern-928653_1280-300x200.jpg 300w, https:\/\/www.sophiescheufele.be\/bdv\/wp-content\/uploads\/2025\/04\/concern-928653_1280-1024x682.jpg 1024w, https:\/\/www.sophiescheufele.be\/bdv\/wp-content\/uploads\/2025\/04\/concern-928653_1280-768x512.jpg 768w, https:\/\/www.sophiescheufele.be\/bdv\/wp-content\/uploads\/2025\/04\/concern-928653_1280-930x620.jpg 930w, https:\/\/www.sophiescheufele.be\/bdv\/wp-content\/uploads\/2025\/04\/concern-928653_1280-24x16.jpg 24w, https:\/\/www.sophiescheufele.be\/bdv\/wp-content\/uploads\/2025\/04\/concern-928653_1280-36x24.jpg 36w, https:\/\/www.sophiescheufele.be\/bdv\/wp-content\/uploads\/2025\/04\/concern-928653_1280-48x32.jpg 48w\" sizes=\"auto, (max-width: 1280px) 100vw, 1280px\" \/><\/figure>\n<\/div>\n<\/div>\n\n\n\n<p><\/p>\n<\/div>\n<\/div>\n\n\n\n<div style=\"height:25px\" aria-hidden=\"true\" class=\"wp-block-spacer\"><\/div>\n\n\n\n<p><\/p>\n\n\n\n<h3 class=\"wp-block-heading\"> Maison de repos et de soins<\/h3>\n\n\n\n<div class=\"wp-block-columns is-layout-flex wp-container-core-columns-is-layout-9d6595d7 wp-block-columns-is-layout-flex\">\n<div class=\"wp-block-column is-vertically-aligned-center is-layout-flow wp-block-column-is-layout-flow\" style=\"flex-basis:40%\"><div class=\"wp-block-image\">\n<figure class=\"aligncenter size-full has-custom-border\" data-aos=\"slide-right\" data-aos-duration=\"1000\"><a href=\"https:\/\/www.sophiescheufele.be\/bdv\/wp-content\/uploads\/2025\/04\/hands-4344712_1280.jpg\"><img loading=\"lazy\" decoding=\"async\" width=\"1280\" height=\"853\" src=\"https:\/\/www.sophiescheufele.be\/bdv\/wp-content\/uploads\/2025\/04\/hands-4344712_1280.jpg\" alt=\"\" class=\"wp-image-866\" style=\"border-radius:15px\" srcset=\"https:\/\/www.sophiescheufele.be\/bdv\/wp-content\/uploads\/2025\/04\/hands-4344712_1280.jpg 1280w, https:\/\/www.sophiescheufele.be\/bdv\/wp-content\/uploads\/2025\/04\/hands-4344712_1280-300x200.jpg 300w, https:\/\/www.sophiescheufele.be\/bdv\/wp-content\/uploads\/2025\/04\/hands-4344712_1280-1024x682.jpg 1024w, https:\/\/www.sophiescheufele.be\/bdv\/wp-content\/uploads\/2025\/04\/hands-4344712_1280-768x512.jpg 768w, https:\/\/www.sophiescheufele.be\/bdv\/wp-content\/uploads\/2025\/04\/hands-4344712_1280-930x620.jpg 930w, https:\/\/www.sophiescheufele.be\/bdv\/wp-content\/uploads\/2025\/04\/hands-4344712_1280-24x16.jpg 24w, https:\/\/www.sophiescheufele.be\/bdv\/wp-content\/uploads\/2025\/04\/hands-4344712_1280-36x24.jpg 36w, https:\/\/www.sophiescheufele.be\/bdv\/wp-content\/uploads\/2025\/04\/hands-4344712_1280-48x32.jpg 48w\" sizes=\"auto, (max-width: 1280px) 100vw, 1280px\" \/><\/a><\/figure>\n<\/div><\/div>\n\n\n\n<div class=\"wp-block-column is-vertically-aligned-center is-layout-flow wp-block-column-is-layout-flow\" style=\"padding-left:10px;flex-basis:60%\">\n<p>L\u2019accent est surtout mis sur des <strong>gestes doux, enveloppants et chaleureux.<\/strong><\/p>\n\n\n\n<p>La r\u00e9flexologie offre un moment privil\u00e9gi\u00e9 pour ressentir son corps dans un contexte apaisant de relaxation et de d\u00e9tente. C\u2019est une \u00e9vasion, une <strong>bulle de bien-\u00eatre<\/strong> tranchant clairement d\u2019avec le quotidien des soins qui peut parfois \u00eatre lourd et invasif.<\/p>\n\n\n\n<p>Elle peut permettre d\u2019am\u00e9liorer la qualit\u00e9 de vie en traitant les sympt\u00f4mes physiques g\u00eanants et en<strong> soulageant de l\u2019isolement<\/strong> et des souffrances psychiques.<\/p>\n\n\n\n<p>Elle peut amener \u00e0 une respiration profonde et \u00e0 am\u00e9liorer le sommeil.<\/p>\n<\/div>\n<\/div>\n\n\n\n<div style=\"height:25px\" aria-hidden=\"true\" class=\"wp-block-spacer\"><\/div>\n\n\n\n<div class=\"wp-block-buttons is-content-justification-right is-layout-flex wp-container-core-buttons-is-layout-1888cafc wp-block-buttons-is-layout-flex\">\n<div class=\"wp-block-button has-custom-width wp-block-button__width-100 is-style-primary\"><a class=\"wp-block-button__link wp-element-button\" href=\"https:\/\/www.sophiescheufele.be\/bdv\/qui-suis-je\/\">&gt; Qui suis-je ?<\/a><\/div>\n\n\n\n<div class=\"wp-block-button has-custom-width wp-block-button__width-100 is-style-primary\"><a class=\"wp-block-button__link wp-element-button\">Prendre rendez-vous<\/a><\/div>\n<\/div>\n\n\n\n<div style=\"height:25px\" aria-hidden=\"true\" class=\"wp-block-spacer\"><\/div>\n","protected":false},"excerpt":{"rendered":"<p>La r\u00e9flexologie est indiqu\u00e9e dans de nombreuses situations et a peu de contre-indications. En g\u00e9n\u00e9ral Contre-indications La r\u00e9flexologie est contre-indiqu\u00e9e dans les cas suivants : infection cutan\u00e9e contagieuse, fi\u00e8vre, grossesse au 1er trimestre, probl\u00e8mes aux pieds (ulc\u00e8re, \u2026), maladies circulatoires et cardiaques, avoir \u00e9t\u00e9 vaccin\u00e9(e) pour le COVID il y a moins de 6 mois.&hellip;&nbsp;<a href=\"https:\/\/www.sophiescheufele.be\/bdv\/indications-accompagnement\/\" rel=\"bookmark\">Lire la suite &raquo;<span class=\"screen-reader-text\">Indications &amp; Accompagnement<\/span><\/a><\/p>\n","protected":false},"author":1,"featured_media":0,"parent":0,"menu_order":0,"comment_status":"closed","ping_status":"closed","template":"","meta":{"neve_meta_sidebar":"","neve_meta_container":"","neve_meta_enable_content_width":"","neve_meta_content_width":0,"neve_meta_title_alignment":"","neve_meta_author_avatar":"","neve_post_elements_order":"","neve_meta_disable_header":"","neve_meta_disable_footer":"","neve_meta_disable_title":"","footnotes":""},"class_list":["post-657","page","type-page","status-publish","hentry"],"_links":{"self":[{"href":"https:\/\/www.sophiescheufele.be\/bdv\/wp-json\/wp\/v2\/pages\/657","targetHints":{"allow":["GET"]}}],"collection":[{"href":"https:\/\/www.sophiescheufele.be\/bdv\/wp-json\/wp\/v2\/pages"}],"about":[{"href":"https:\/\/www.sophiescheufele.be\/bdv\/wp-json\/wp\/v2\/types\/page"}],"author":[{"embeddable":true,"href":"https:\/\/www.sophiescheufele.be\/bdv\/wp-json\/wp\/v2\/users\/1"}],"replies":[{"embeddable":true,"href":"https:\/\/www.sophiescheufele.be\/bdv\/wp-json\/wp\/v2\/comments?post=657"}],"version-history":[{"count":14,"href":"https:\/\/www.sophiescheufele.be\/bdv\/wp-json\/wp\/v2\/pages\/657\/revisions"}],"predecessor-version":[{"id":959,"href":"https:\/\/www.sophiescheufele.be\/bdv\/wp-json\/wp\/v2\/pages\/657\/revisions\/959"}],"wp:attachment":[{"href":"https:\/\/www.sophiescheufele.be\/bdv\/wp-json\/wp\/v2\/media?parent=657"}],"curies":[{"name":"wp","href":"https:\/\/api.w.org\/{rel}","templated":true}]}}